{"id":185,"date":"2019-11-27T19:22:40","date_gmt":"2019-11-27T19:22:40","guid":{"rendered":"http:\/\/sim-sala-bam.de\/?page_id=185"},"modified":"2019-11-28T15:35:30","modified_gmt":"2019-11-28T15:35:30","slug":"galvanik-fuer-eltern","status":"publish","type":"page","link":"https:\/\/sim-sala-bam.de\/?page_id=185","title":{"rendered":"Der Talisman (f\u00fcr Eltern)"},"content":{"rendered":"\n<p><strong>Das Galvanisieren ist der Vorgang der elektrochemischen Beschichten eines Objektes mit einer leitf\u00e4higen (metallischen) Schicht.<\/strong><\/p>\n\n\n\n<p> Der Vorgang der galvanischen Verkupferung von Stahl findet in unserem Fall einer Kupferl\u00f6sung statt.&nbsp;In der L\u00f6sung befinden sich Kupferionen. Diese Ionen wandern aufgrund der sich dort sammelnden Ladung zum Minuspol, wo sie zwei Elektronen aufnehmen und sich als elementares Kupfer ablagern.&nbsp;Der Pluspol besteht aus elementarem (reinem) Kupfer. Das Kupfer wird am Pluspol ionisiert und l\u00f6st sich in der L\u00f6sung.&nbsp;<\/p>\n\n\n\n<p>Die zwei Vorg\u00e4nge der Ablagerung und L\u00f6sung finden aufgrund der Natur eines geschlossenen Stromkreislaufs mit gleicher Geschwindigkeit statt, da Elektronen am Minuspol nur so schnell abgegeben werden k\u00f6nnen wie sie am Pluspol aufgenommen werden, weshalb die Konzentration der Kupferl\u00f6sung immer gleich bleibt.<\/p>\n\n\n\n<figure class=\"wp-block-image size-large\"><img loading=\"lazy\" decoding=\"async\" width=\"6000\" height=\"6000\" src=\"https:\/\/sim-sala-bam.de\/wp-content\/uploads\/2019\/11\/galv.jpg\" alt=\"\" class=\"wp-image-204\"\/><\/figure>\n","protected":false},"excerpt":{"rendered":"<p>Das Galvanisieren ist der Vorgang der elektrochemischen Beschichten eines Objektes mit einer leitf\u00e4higen (metallischen) Schicht. Der Vorgang der galvanischen Verkupferung von Stahl findet in unserem Fall einer Kupferl\u00f6sung statt.&nbsp;In der L\u00f6sung befinden sich Kupferionen. Diese Ionen wandern aufgrund der sich dort sammelnden Ladung zum Minuspol, wo sie zwei Elektronen aufnehmen und sich als elementares Kupfer &#8230; <a title=\"Der Talisman (f\u00fcr Eltern)\" class=\"read-more\" href=\"https:\/\/sim-sala-bam.de\/?page_id=185\" aria-label=\"Mehr Informationen \u00fcber Der Talisman (f\u00fcr Eltern)\">Weiterlesen<\/a><\/p>\n","protected":false},"author":1,"featured_media":0,"parent":0,"menu_order":0,"comment_status":"closed","ping_status":"closed","template":"","meta":{"footnotes":""},"class_list":["post-185","page","type-page","status-publish"],"_links":{"self":[{"href":"https:\/\/sim-sala-bam.de\/index.php?rest_route=\/wp\/v2\/pages\/185","targetHints":{"allow":["GET"]}}],"collection":[{"href":"https:\/\/sim-sala-bam.de\/index.php?rest_route=\/wp\/v2\/pages"}],"about":[{"href":"https:\/\/sim-sala-bam.de\/index.php?rest_route=\/wp\/v2\/types\/page"}],"author":[{"embeddable":true,"href":"https:\/\/sim-sala-bam.de\/index.php?rest_route=\/wp\/v2\/users\/1"}],"replies":[{"embeddable":true,"href":"https:\/\/sim-sala-bam.de\/index.php?rest_route=%2Fwp%2Fv2%2Fcomments&post=185"}],"version-history":[{"count":3,"href":"https:\/\/sim-sala-bam.de\/index.php?rest_route=\/wp\/v2\/pages\/185\/revisions"}],"predecessor-version":[{"id":221,"href":"https:\/\/sim-sala-bam.de\/index.php?rest_route=\/wp\/v2\/pages\/185\/revisions\/221"}],"wp:attachment":[{"href":"https:\/\/sim-sala-bam.de\/index.php?rest_route=%2Fwp%2Fv2%2Fmedia&parent=185"}],"curies":[{"name":"wp","href":"https:\/\/api.w.org\/{rel}","templated":true}]}}