{"id":181,"date":"2019-11-27T19:22:11","date_gmt":"2019-11-27T19:22:11","guid":{"rendered":"http:\/\/sim-sala-bam.de\/?page_id=181"},"modified":"2019-11-30T06:05:57","modified_gmt":"2019-11-30T06:05:57","slug":"galvanik-fuer-kinder","status":"publish","type":"page","link":"https:\/\/sim-sala-bam.de\/?page_id=181","title":{"rendered":"Der Talisman (f\u00fcr kleine Forscher)"},"content":{"rendered":"\n<div class=\"wp-block-media-text alignwide\"><figure class=\"wp-block-media-text__media\"><img loading=\"lazy\" decoding=\"async\" width=\"768\" height=\"1024\" src=\"http:\/\/sim-sala-bam.de\/wp-content\/uploads\/2019\/11\/maskottchen-768x1024.png\" alt=\"\" class=\"wp-image-225\" srcset=\"https:\/\/sim-sala-bam.de\/wp-content\/uploads\/2019\/11\/maskottchen-768x1024.png 768w, https:\/\/sim-sala-bam.de\/wp-content\/uploads\/2019\/11\/maskottchen-225x300.png 225w, https:\/\/sim-sala-bam.de\/wp-content\/uploads\/2019\/11\/maskottchen-1152x1536.png 1152w, https:\/\/sim-sala-bam.de\/wp-content\/uploads\/2019\/11\/maskottchen-1536x2048.png 1536w, https:\/\/sim-sala-bam.de\/wp-content\/uploads\/2019\/11\/maskottchen-scaled.png 1920w\" sizes=\"auto, (max-width: 768px) 100vw, 768px\" \/><\/figure><div class=\"wp-block-media-text__content\">\n<p class=\"has-normal-font-size\"><strong>Verkupfern:<\/strong> Der Vorgang des Verkupfern von Stahl findet in einer kupferhaltigen L\u00f6sung statt.\u00a0Das Kupfer wandert wegen der sich sammelnden negativen Ladung zum Minuspol und setzt sich dort ab. Der Pluspol besteht aus Kupfer. Das Kupfer wird von der positiven Ladung dort abgesto\u00dfen, weshalb es in die L\u00f6sung \u00fcbergeht.<\/p>\n<\/div><\/div>\n\n\n\n<figure class=\"wp-block-image size-large\"><img loading=\"lazy\" decoding=\"async\" width=\"6000\" height=\"6000\" src=\"http:\/\/sim-sala-bam.de\/wp-content\/uploads\/2019\/11\/galv.jpg\" alt=\"\" class=\"wp-image-204\"\/><\/figure>\n","protected":false},"excerpt":{"rendered":"<p>Verkupfern: Der Vorgang des Verkupfern von Stahl findet in einer kupferhaltigen L\u00f6sung statt.\u00a0Das Kupfer wandert wegen der sich sammelnden negativen Ladung zum Minuspol und setzt sich dort ab. Der Pluspol besteht aus Kupfer. Das Kupfer wird von der positiven Ladung dort abgesto\u00dfen, weshalb es in die L\u00f6sung \u00fcbergeht.<\/p>\n","protected":false},"author":1,"featured_media":0,"parent":0,"menu_order":0,"comment_status":"closed","ping_status":"closed","template":"","meta":{"footnotes":""},"class_list":["post-181","page","type-page","status-publish"],"_links":{"self":[{"href":"https:\/\/sim-sala-bam.de\/index.php?rest_route=\/wp\/v2\/pages\/181","targetHints":{"allow":["GET"]}}],"collection":[{"href":"https:\/\/sim-sala-bam.de\/index.php?rest_route=\/wp\/v2\/pages"}],"about":[{"href":"https:\/\/sim-sala-bam.de\/index.php?rest_route=\/wp\/v2\/types\/page"}],"author":[{"embeddable":true,"href":"https:\/\/sim-sala-bam.de\/index.php?rest_route=\/wp\/v2\/users\/1"}],"replies":[{"embeddable":true,"href":"https:\/\/sim-sala-bam.de\/index.php?rest_route=%2Fwp%2Fv2%2Fcomments&post=181"}],"version-history":[{"count":4,"href":"https:\/\/sim-sala-bam.de\/index.php?rest_route=\/wp\/v2\/pages\/181\/revisions"}],"predecessor-version":[{"id":246,"href":"https:\/\/sim-sala-bam.de\/index.php?rest_route=\/wp\/v2\/pages\/181\/revisions\/246"}],"wp:attachment":[{"href":"https:\/\/sim-sala-bam.de\/index.php?rest_route=%2Fwp%2Fv2%2Fmedia&parent=181"}],"curies":[{"name":"wp","href":"https:\/\/api.w.org\/{rel}","templated":true}]}}