{"id":161,"date":"2019-11-26T17:11:47","date_gmt":"2019-11-26T17:11:47","guid":{"rendered":"http:\/\/sim-sala-bam.de\/?page_id=161"},"modified":"2019-11-30T06:23:01","modified_gmt":"2019-11-30T06:23:01","slug":"blue-bottle-experiment","status":"publish","type":"page","link":"https:\/\/sim-sala-bam.de\/?page_id=161","title":{"rendered":"Das magische Elixier (f\u00fcr kleine Forscher)"},"content":{"rendered":"\n<p>Du hast wahrscheinlich beobachtet, dass sich durch das Sch\u00fctteln einer Flasche mit einem \u201emagischen\u201c Inhalt die Farbe der Fl\u00fcssigkeit von durchsichtig zu beispielsweise blau ver\u00e4ndert. Je l\u00e4nger man die Flasche sch\u00fcttelt, desto l\u00e4nger nimmt die Fl\u00fcssigkeit die \u201emagische\u201c Farbe an.<\/p>\n\n\n\n<p><strong>Was passiert wenn man die Flasche sch\u00fcttelt?<\/strong><\/p>\n\n\n\n<p>Daf\u00fcr sollten wir uns zuerst \u00fcberlegen, was in der Flasche drin ist. Da wir die Flasche nicht bis nach ganz oben gef\u00fcllt haben, ist nat\u00fcrlich noch unsere ach so langweilige Atemluft in der Flasche enthalten, und dann, wie du sicher gesehen hast, auch noch unsere \u201emagische\u201c Fl\u00fcssigkeit.\u00a0<\/p>\n\n\n\n<p>Jedoch besteht auch unsere \u201emagische\u201c Fl\u00fcssigkeit nicht nur aus Magie, sondern aus vielen coolen, verschiedenen chemischen Stoffen, die zusammen eine super coole und farbvolle Reaktion erzeugen.\u00a0<\/p>\n\n\n\n<p>Da wir euch vertrauen, dass ihr nur Gutes mit der \u201emagischen Fl\u00fcssigkeit\u201c vorhabt wollen wir euch unser Geheimrezept verraten.\u00a0<br>5 g NaOH-Pl\u00e4tzchen\u00a0<br>40 g Traubenzucker<br>400 mL Wasser\u00a0<br>und die Geheimzutat: 5 mL Methylenblaul\u00f6sung<\/p>\n\n\n\n<figure class=\"wp-block-image size-large\"><img loading=\"lazy\" decoding=\"async\" width=\"1024\" height=\"683\" src=\"http:\/\/sim-sala-bam.de\/wp-content\/uploads\/2019\/11\/shutterstock_307506314-1024x683.jpeg\" alt=\"\" class=\"wp-image-229\" srcset=\"https:\/\/sim-sala-bam.de\/wp-content\/uploads\/2019\/11\/shutterstock_307506314-1024x683.jpeg 1024w, https:\/\/sim-sala-bam.de\/wp-content\/uploads\/2019\/11\/shutterstock_307506314-300x200.jpeg 300w, https:\/\/sim-sala-bam.de\/wp-content\/uploads\/2019\/11\/shutterstock_307506314-768x512.jpeg 768w, https:\/\/sim-sala-bam.de\/wp-content\/uploads\/2019\/11\/shutterstock_307506314.jpeg 1280w\" sizes=\"auto, (max-width: 1024px) 100vw, 1024px\" \/><\/figure>\n","protected":false},"excerpt":{"rendered":"<p>Du hast wahrscheinlich beobachtet, dass sich durch das Sch\u00fctteln einer Flasche mit einem \u201emagischen\u201c Inhalt die Farbe der Fl\u00fcssigkeit von durchsichtig zu beispielsweise blau ver\u00e4ndert. Je l\u00e4nger man die Flasche sch\u00fcttelt, desto l\u00e4nger nimmt die Fl\u00fcssigkeit die \u201emagische\u201c Farbe an. Was passiert wenn man die Flasche sch\u00fcttelt? Daf\u00fcr sollten wir uns zuerst \u00fcberlegen, was in &#8230; <a title=\"Das magische Elixier (f\u00fcr kleine Forscher)\" class=\"read-more\" href=\"https:\/\/sim-sala-bam.de\/?page_id=161\" aria-label=\"Mehr Informationen \u00fcber Das magische Elixier (f\u00fcr kleine Forscher)\">Weiterlesen<\/a><\/p>\n","protected":false},"author":1,"featured_media":0,"parent":0,"menu_order":0,"comment_status":"closed","ping_status":"closed","template":"","meta":{"footnotes":""},"class_list":["post-161","page","type-page","status-publish"],"_links":{"self":[{"href":"https:\/\/sim-sala-bam.de\/index.php?rest_route=\/wp\/v2\/pages\/161","targetHints":{"allow":["GET"]}}],"collection":[{"href":"https:\/\/sim-sala-bam.de\/index.php?rest_route=\/wp\/v2\/pages"}],"about":[{"href":"https:\/\/sim-sala-bam.de\/index.php?rest_route=\/wp\/v2\/types\/page"}],"author":[{"embeddable":true,"href":"https:\/\/sim-sala-bam.de\/index.php?rest_route=\/wp\/v2\/users\/1"}],"replies":[{"embeddable":true,"href":"https:\/\/sim-sala-bam.de\/index.php?rest_route=%2Fwp%2Fv2%2Fcomments&post=161"}],"version-history":[{"count":5,"href":"https:\/\/sim-sala-bam.de\/index.php?rest_route=\/wp\/v2\/pages\/161\/revisions"}],"predecessor-version":[{"id":251,"href":"https:\/\/sim-sala-bam.de\/index.php?rest_route=\/wp\/v2\/pages\/161\/revisions\/251"}],"wp:attachment":[{"href":"https:\/\/sim-sala-bam.de\/index.php?rest_route=%2Fwp%2Fv2%2Fmedia&parent=161"}],"curies":[{"name":"wp","href":"https:\/\/api.w.org\/{rel}","templated":true}]}}