{"id":152,"date":"2019-11-11T15:08:21","date_gmt":"2019-11-11T15:08:21","guid":{"rendered":"http:\/\/sim-sala-bam.de\/?page_id=152"},"modified":"2019-11-30T06:07:26","modified_gmt":"2019-11-30T06:07:26","slug":"der-chemische-garten","status":"publish","type":"page","link":"https:\/\/sim-sala-bam.de\/?page_id=152","title":{"rendered":"Merlins Unterwassergarten (f\u00fcr kleine Forscher)"},"content":{"rendered":"\n<div class=\"wp-block-media-text alignwide\"><figure class=\"wp-block-media-text__media\"><img loading=\"lazy\" decoding=\"async\" width=\"768\" height=\"1024\" src=\"http:\/\/sim-sala-bam.de\/wp-content\/uploads\/2019\/11\/maskottchen-768x1024.png\" alt=\"\" class=\"wp-image-225\" srcset=\"https:\/\/sim-sala-bam.de\/wp-content\/uploads\/2019\/11\/maskottchen-768x1024.png 768w, https:\/\/sim-sala-bam.de\/wp-content\/uploads\/2019\/11\/maskottchen-225x300.png 225w, https:\/\/sim-sala-bam.de\/wp-content\/uploads\/2019\/11\/maskottchen-1152x1536.png 1152w, https:\/\/sim-sala-bam.de\/wp-content\/uploads\/2019\/11\/maskottchen-1536x2048.png 1536w, https:\/\/sim-sala-bam.de\/wp-content\/uploads\/2019\/11\/maskottchen-scaled.png 1920w\" sizes=\"auto, (max-width: 768px) 100vw, 768px\" \/><\/figure><div class=\"wp-block-media-text__content\">\n<p>Man gibt einen Salzkristall in eine Fl\u00fcssigkeit, das Wasserglas. Dabei reagiert das Salz mit der Fl\u00fcssigkeit. Das bedeutet, es verwandelt sich zu einem schwerl\u00f6slichen Stoff.<\/p>\n\n\n\n<p>Um diesen Stoff herum bildet sich ein d\u00fcnnes H\u00e4utchen, das zwar Wasser hineinl\u00e4sst, aber nicht wieder heraus. Dadurch baut sich ein Druck auf, der die H\u00fclle oben zum Platzen bringt, da oben die Haut am d\u00fcnnsten ist.<\/p>\n<\/div><\/div>\n\n\n\n<p>Man kann sich dabei einen Luftballon vorstellen, der mit Sand gef\u00fcllt wird, bis er an einer Stelle rei\u00dft. Der Sand str\u00f6mt heraus und kann sich wieder verbinden.<br>Genauso funktioniert das bei unserem Experiment: Nach dem Aufplatzen der H\u00fclle str\u00f6mt der Stoff heraus und bildet erneut eine H\u00fclle. Dieser Vorgang wiederholt sich immer wieder, bis die &#8222;Pflanze&#8220; an der Oberfl\u00e4che angekommen ist. Wenn man verschiedene Salze verwendet, wachsen die &#8222;Pflanzen&#8220; in verschiedenen Farben.<\/p>\n\n\n\n<figure class=\"wp-block-image size-large\"><img loading=\"lazy\" decoding=\"async\" width=\"1024\" height=\"683\" src=\"http:\/\/sim-sala-bam.de\/wp-content\/uploads\/2019\/11\/shutterstock_307506314-1024x683.jpeg\" alt=\"\" class=\"wp-image-229\" srcset=\"https:\/\/sim-sala-bam.de\/wp-content\/uploads\/2019\/11\/shutterstock_307506314-1024x683.jpeg 1024w, https:\/\/sim-sala-bam.de\/wp-content\/uploads\/2019\/11\/shutterstock_307506314-300x200.jpeg 300w, https:\/\/sim-sala-bam.de\/wp-content\/uploads\/2019\/11\/shutterstock_307506314-768x512.jpeg 768w, https:\/\/sim-sala-bam.de\/wp-content\/uploads\/2019\/11\/shutterstock_307506314.jpeg 1280w\" sizes=\"auto, (max-width: 1024px) 100vw, 1024px\" \/><\/figure>\n","protected":false},"excerpt":{"rendered":"<p>Man gibt einen Salzkristall in eine Fl\u00fcssigkeit, das Wasserglas. Dabei reagiert das Salz mit der Fl\u00fcssigkeit. Das bedeutet, es verwandelt sich zu einem schwerl\u00f6slichen Stoff. Um diesen Stoff herum bildet sich ein d\u00fcnnes H\u00e4utchen, das zwar Wasser hineinl\u00e4sst, aber nicht wieder heraus. Dadurch baut sich ein Druck auf, der die H\u00fclle oben zum Platzen bringt, &#8230; <a title=\"Merlins Unterwassergarten (f\u00fcr kleine Forscher)\" class=\"read-more\" href=\"https:\/\/sim-sala-bam.de\/?page_id=152\" aria-label=\"Mehr Informationen \u00fcber Merlins Unterwassergarten (f\u00fcr kleine Forscher)\">Weiterlesen<\/a><\/p>\n","protected":false},"author":1,"featured_media":0,"parent":0,"menu_order":0,"comment_status":"closed","ping_status":"closed","template":"","meta":{"footnotes":""},"class_list":["post-152","page","type-page","status-publish"],"_links":{"self":[{"href":"https:\/\/sim-sala-bam.de\/index.php?rest_route=\/wp\/v2\/pages\/152","targetHints":{"allow":["GET"]}}],"collection":[{"href":"https:\/\/sim-sala-bam.de\/index.php?rest_route=\/wp\/v2\/pages"}],"about":[{"href":"https:\/\/sim-sala-bam.de\/index.php?rest_route=\/wp\/v2\/types\/page"}],"author":[{"embeddable":true,"href":"https:\/\/sim-sala-bam.de\/index.php?rest_route=\/wp\/v2\/users\/1"}],"replies":[{"embeddable":true,"href":"https:\/\/sim-sala-bam.de\/index.php?rest_route=%2Fwp%2Fv2%2Fcomments&post=152"}],"version-history":[{"count":3,"href":"https:\/\/sim-sala-bam.de\/index.php?rest_route=\/wp\/v2\/pages\/152\/revisions"}],"predecessor-version":[{"id":247,"href":"https:\/\/sim-sala-bam.de\/index.php?rest_route=\/wp\/v2\/pages\/152\/revisions\/247"}],"wp:attachment":[{"href":"https:\/\/sim-sala-bam.de\/index.php?rest_route=%2Fwp%2Fv2%2Fmedia&parent=152"}],"curies":[{"name":"wp","href":"https:\/\/api.w.org\/{rel}","templated":true}]}}