{"id":147,"date":"2019-11-11T15:05:51","date_gmt":"2019-11-11T15:05:51","guid":{"rendered":"http:\/\/sim-sala-bam.de\/?page_id=147"},"modified":"2019-11-30T06:04:35","modified_gmt":"2019-11-30T06:04:35","slug":"gluehende-metallspaene","status":"publish","type":"page","link":"https:\/\/sim-sala-bam.de\/?page_id=147","title":{"rendered":"Taschenblitz (f\u00fcr kleine Forscher)"},"content":{"rendered":"\n<div class=\"wp-block-media-text alignwide\"><figure class=\"wp-block-media-text__media\"><img loading=\"lazy\" decoding=\"async\" width=\"768\" height=\"1024\" src=\"http:\/\/sim-sala-bam.de\/wp-content\/uploads\/2019\/11\/maskottchen-768x1024.png\" alt=\"\" class=\"wp-image-225\" srcset=\"https:\/\/sim-sala-bam.de\/wp-content\/uploads\/2019\/11\/maskottchen-768x1024.png 768w, https:\/\/sim-sala-bam.de\/wp-content\/uploads\/2019\/11\/maskottchen-225x300.png 225w, https:\/\/sim-sala-bam.de\/wp-content\/uploads\/2019\/11\/maskottchen-1152x1536.png 1152w, https:\/\/sim-sala-bam.de\/wp-content\/uploads\/2019\/11\/maskottchen-1536x2048.png 1536w, https:\/\/sim-sala-bam.de\/wp-content\/uploads\/2019\/11\/maskottchen-scaled.png 1920w\" sizes=\"auto, (max-width: 768px) 100vw, 768px\" \/><\/figure><div class=\"wp-block-media-text__content\">\n<p>Zuerst die Frage: Was ist eine Verbrennung?<\/p>\n\n\n\n<p>Eine Verbrennung ist eine Reaktion mit Sauerstoff, dazu ben\u00f6tigt man drei wichtige Dinge: Sauerstoff, einen Brennstoff und W\u00e4rme.<\/p>\n\n\n\n<p>Sauerstoff findet sich in der Luft und die F\u00e4rbungen kommen durch die unterschiedlichen Eigenschaften der Metallsp\u00e4ne zusammen.<br><\/p>\n<\/div><\/div>\n\n\n\n<figure class=\"wp-block-image size-large\"><img loading=\"lazy\" decoding=\"async\" width=\"1024\" height=\"683\" src=\"http:\/\/sim-sala-bam.de\/wp-content\/uploads\/2019\/11\/shutterstock_307506314-1024x683.jpeg\" alt=\"\" class=\"wp-image-229\" srcset=\"https:\/\/sim-sala-bam.de\/wp-content\/uploads\/2019\/11\/shutterstock_307506314-1024x683.jpeg 1024w, https:\/\/sim-sala-bam.de\/wp-content\/uploads\/2019\/11\/shutterstock_307506314-300x200.jpeg 300w, https:\/\/sim-sala-bam.de\/wp-content\/uploads\/2019\/11\/shutterstock_307506314-768x512.jpeg 768w, https:\/\/sim-sala-bam.de\/wp-content\/uploads\/2019\/11\/shutterstock_307506314.jpeg 1280w\" sizes=\"auto, (max-width: 1024px) 100vw, 1024px\" \/><\/figure>\n","protected":false},"excerpt":{"rendered":"<p>Zuerst die Frage: Was ist eine Verbrennung? Eine Verbrennung ist eine Reaktion mit Sauerstoff, dazu ben\u00f6tigt man drei wichtige Dinge: Sauerstoff, einen Brennstoff und W\u00e4rme. Sauerstoff findet sich in der Luft und die F\u00e4rbungen kommen durch die unterschiedlichen Eigenschaften der Metallsp\u00e4ne zusammen.<\/p>\n","protected":false},"author":1,"featured_media":0,"parent":0,"menu_order":0,"comment_status":"closed","ping_status":"closed","template":"","meta":{"footnotes":""},"class_list":["post-147","page","type-page","status-publish"],"_links":{"self":[{"href":"https:\/\/sim-sala-bam.de\/index.php?rest_route=\/wp\/v2\/pages\/147","targetHints":{"allow":["GET"]}}],"collection":[{"href":"https:\/\/sim-sala-bam.de\/index.php?rest_route=\/wp\/v2\/pages"}],"about":[{"href":"https:\/\/sim-sala-bam.de\/index.php?rest_route=\/wp\/v2\/types\/page"}],"author":[{"embeddable":true,"href":"https:\/\/sim-sala-bam.de\/index.php?rest_route=\/wp\/v2\/users\/1"}],"replies":[{"embeddable":true,"href":"https:\/\/sim-sala-bam.de\/index.php?rest_route=%2Fwp%2Fv2%2Fcomments&post=147"}],"version-history":[{"count":4,"href":"https:\/\/sim-sala-bam.de\/index.php?rest_route=\/wp\/v2\/pages\/147\/revisions"}],"predecessor-version":[{"id":245,"href":"https:\/\/sim-sala-bam.de\/index.php?rest_route=\/wp\/v2\/pages\/147\/revisions\/245"}],"wp:attachment":[{"href":"https:\/\/sim-sala-bam.de\/index.php?rest_route=%2Fwp%2Fv2%2Fmedia&parent=147"}],"curies":[{"name":"wp","href":"https:\/\/api.w.org\/{rel}","templated":true}]}}